{"id":3510,"date":"2018-11-06T13:57:31","date_gmt":"2018-11-06T13:57:31","guid":{"rendered":"http:\/\/radeke-design.de\/?page_id=3510"},"modified":"2022-01-20T13:53:30","modified_gmt":"2022-01-20T13:53:30","slug":"folienbeschriftungen-6","status":"publish","type":"page","link":"https:\/\/radeke-design.de\/?page_id=3510","title":{"rendered":"Schilder"},"content":{"rendered":"\n<style type=\"text\/css\" data-created_by=\"avia_inline_auto\" id=\"style-css-av-gadop2-d6515c518c98fa080cfe5151bb3a8e1e\">\n.flex_column.av-gadop2-d6515c518c98fa080cfe5151bb3a8e1e{\nborder-radius:10px 10px 10px 10px;\n-webkit-border-radius:10px 10px 10px 10px;\n-moz-border-radius:10px 10px 10px 10px;\npadding:0px 0px 0px 10px;\nbackground-color:#636363;\n}\n<\/style>\n<div class='flex_column av-gadop2-d6515c518c98fa080cfe5151bb3a8e1e av_one_full  avia-builder-el-0  el_before_av_two_fifth  avia-builder-el-first  first flex_column_div '   ><style type=\"text\/css\" data-created_by=\"avia_inline_auto\" id=\"style-css-av-eit0py-73af41fd318a49cb969ddcfc75ddfdbe\">\n#top .av-special-heading.av-eit0py-73af41fd318a49cb969ddcfc75ddfdbe{\npadding-bottom:0px;\ncolor:#ffffff;\nfont-size:48px;\n}\nbody .av-special-heading.av-eit0py-73af41fd318a49cb969ddcfc75ddfdbe .av-special-heading-tag .heading-char{\nfont-size:25px;\n}\n#top #wrap_all .av-special-heading.av-eit0py-73af41fd318a49cb969ddcfc75ddfdbe .av-special-heading-tag{\nfont-size:48px;\n}\n.av-special-heading.av-eit0py-73af41fd318a49cb969ddcfc75ddfdbe .special-heading-inner-border{\nborder-color:#ffffff;\n}\n.av-special-heading.av-eit0py-73af41fd318a49cb969ddcfc75ddfdbe .av-subheading{\nfont-size:15px;\n}\n\n@media only screen and (min-width: 768px) and (max-width: 989px){ \n#top #wrap_all .av-special-heading.av-eit0py-73af41fd318a49cb969ddcfc75ddfdbe .av-special-heading-tag{\nfont-size:48px;\n}\n}\n\n@media only screen and (min-width: 480px) and (max-width: 767px){ \n#top #wrap_all .av-special-heading.av-eit0py-73af41fd318a49cb969ddcfc75ddfdbe .av-special-heading-tag{\nfont-size:48px;\n}\n}\n\n@media only screen and (max-width: 479px){ \n#top #wrap_all .av-special-heading.av-eit0py-73af41fd318a49cb969ddcfc75ddfdbe .av-special-heading-tag{\nfont-size:20px;\n}\n}\n<\/style>\n<div  class='av-special-heading av-eit0py-73af41fd318a49cb969ddcfc75ddfdbe av-special-heading-h1 custom-color-heading blockquote modern-quote  avia-builder-el-1  avia-builder-el-no-sibling  av-inherit-size'><h1 class='av-special-heading-tag'  itemprop=\"headline\"  >Schilder<\/h1><div class=\"special-heading-border\"><div class=\"special-heading-inner-border\"><\/div><\/div><\/div><\/div>\n<style type=\"text\/css\" data-created_by=\"avia_inline_auto\" id=\"style-css-av-9o0kxy-aed5f328f7f3779640a7938fb05f393b\">\n.flex_column.av-9o0kxy-aed5f328f7f3779640a7938fb05f393b{\nborder-radius:0px 0px 0px 0px;\n-webkit-border-radius:0px 0px 0px 0px;\n-moz-border-radius:0px 0px 0px 0px;\n}\n<\/style>\n<div class='flex_column av-9o0kxy-aed5f328f7f3779640a7938fb05f393b av_two_fifth  avia-builder-el-2  el_after_av_one_full  el_before_av_three_fifth  first flex_column_div av-zero-column-padding column-top-margin'   ><div   data-size='no scaling'  data-lightbox_size='large'  data-animation='slide'  data-conditional_play=''  data-ids='3524,3525,3526'  data-video_counter='0'  data-autoplay='true'  data-bg_slider='false'  data-slide_height=''  data-handle='av_slideshow'  data-interval='5'  data-class=' avia-builder-el-3  avia-builder-el-no-sibling  '  data-el_id=''  data-css_id=''  data-scroll_down=''  data-control_layout='av-control-default'  data-custom_markup=''  data-perma_caption=''  data-autoplay_stopper=''  data-image_attachment=''  data-min_height='0px'  data-lazy_loading='disabled'  data-img_scrset=''  class='avia-slideshow avia-slideshow-1  av-control-default av-default-height-applied avia-slideshow-no scaling av_slideshow  avia-builder-el-3  avia-builder-el-no-sibling   avia-slide-slider '  itemprop=\"image\" itemscope=\"itemscope\" itemtype=\"https:\/\/schema.org\/ImageObject\" ><ul class='avia-slideshow-inner ' style='padding-bottom: 67.466266866567%;' ><li  class=' slide-1 ' ><div data-rel='slideshow-1' class='avia-slide-wrap '   ><img decoding=\"async\" class=\"wp-image-3524 avia-img-lazy-loading-not-3524\"  src=\"https:\/\/radeke-design.de\/wp-content\/uploads\/2018\/11\/schilder_aureus.jpg\" width=\"667\" height=\"450\" title='schilder_aureus' alt=''  itemprop=\"thumbnailUrl\" srcset=\"https:\/\/radeke-design.de\/wp-content\/uploads\/2018\/11\/schilder_aureus.jpg 667w, https:\/\/radeke-design.de\/wp-content\/uploads\/2018\/11\/schilder_aureus-300x202.jpg 300w, https:\/\/radeke-design.de\/wp-content\/uploads\/2018\/11\/schilder_aureus-450x304.jpg 450w\" sizes=\"(max-width: 667px) 100vw, 667px\" \/><\/div><\/li><li  class=' slide-2 ' ><div data-rel='slideshow-1' class='avia-slide-wrap '   ><img decoding=\"async\" class=\"wp-image-3525 avia-img-lazy-loading-not-3525\"  src=\"https:\/\/radeke-design.de\/wp-content\/uploads\/2018\/11\/schilder_kannenberg.jpg\" width=\"667\" height=\"450\" title='schilder_kannenberg' alt=''  itemprop=\"thumbnailUrl\" srcset=\"https:\/\/radeke-design.de\/wp-content\/uploads\/2018\/11\/schilder_kannenberg.jpg 667w, https:\/\/radeke-design.de\/wp-content\/uploads\/2018\/11\/schilder_kannenberg-300x202.jpg 300w, https:\/\/radeke-design.de\/wp-content\/uploads\/2018\/11\/schilder_kannenberg-450x304.jpg 450w\" sizes=\"(max-width: 667px) 100vw, 667px\" \/><\/div><\/li><li  class=' slide-3 ' ><div data-rel='slideshow-1' class='avia-slide-wrap '   ><img decoding=\"async\" class=\"wp-image-3526 avia-img-lazy-loading-not-3526\"  src=\"https:\/\/radeke-design.de\/wp-content\/uploads\/2018\/11\/schilder_miezebello.jpg\" width=\"667\" height=\"450\" title='schilder_miezebello' alt=''  itemprop=\"thumbnailUrl\" srcset=\"https:\/\/radeke-design.de\/wp-content\/uploads\/2018\/11\/schilder_miezebello.jpg 667w, https:\/\/radeke-design.de\/wp-content\/uploads\/2018\/11\/schilder_miezebello-300x202.jpg 300w, https:\/\/radeke-design.de\/wp-content\/uploads\/2018\/11\/schilder_miezebello-450x304.jpg 450w\" sizes=\"(max-width: 667px) 100vw, 667px\" \/><\/div><\/li><\/ul><div class='avia-slideshow-arrows avia-slideshow-controls' ><a href='#prev' class='prev-slide ' aria-hidden='true' data-av_icon='\ue87c' data-av_iconfont='entypo-fontello'  tabindex='-1'>Zur\u00fcck<\/a><a href='#next' class='next-slide ' aria-hidden='true' data-av_icon='\ue87d' data-av_iconfont='entypo-fontello'  tabindex='-1'>Weiter<\/a><\/div><div class='avia-slideshow-dots avia-slideshow-controls'><a href='#1' class='goto-slide active' >1<\/a><a href='#2' class='goto-slide ' >2<\/a><a href='#3' class='goto-slide ' >3<\/a><\/div><\/div><\/div><\/p>\n\n<style type=\"text\/css\" data-created_by=\"avia_inline_auto\" id=\"style-css-av-19xo12-ce743b3f8ffafcfbcf31a986e475c96e\">\n.flex_column.av-19xo12-ce743b3f8ffafcfbcf31a986e475c96e{\nborder-radius:0px 0px 0px 0px;\n-webkit-border-radius:0px 0px 0px 0px;\n-moz-border-radius:0px 0px 0px 0px;\n}\n<\/style>\n<div class='flex_column av-19xo12-ce743b3f8ffafcfbcf31a986e475c96e av_three_fifth  avia-builder-el-4  el_after_av_two_fifth  avia-builder-el-last  flex_column_div av-zero-column-padding column-top-margin'   ><section  class='av_textblock_section av-14u73a-4a220586a3c0e9d80cc05cd1d79cf0d9'  itemscope=\"itemscope\" itemtype=\"https:\/\/schema.org\/CreativeWork\" ><div class='avia_textblock'  itemprop=\"text\" ><h2>Zeichen setzen<\/h2>\n<p>Wir fertigen Schilder in jeder gew\u00fcnschten Form &#8211; auf Alu-Verbundplatten, Kunststoffplatten oder Metall. Freistehend inklusive Tr\u00e4gerkonstruktion, am Firmengeb\u00e4ude, auf dem Dach. Als Leuchttransparent oder Neonreklame, Pylone, Fahnen, Banner &#8211; egal, was Sie w\u00fcnschen, wir erf\u00fcllen Ihre Vorstellungen gerne und garantiert zu Ihrer Zufriedenheit. Bei Bedarf k\u00f6nnen wir auf zuverl\u00e4ssige und kompetente Partnerfirmen aus dem Handwerk zur\u00fcckgreifen.<\/p>\n<p>Digitaldrucke werden bei uns grunds\u00e4tzlich UV-gesch\u00fctzt laminiert und unsere Hochleistungsfolien garantieren eine hohe Langlebigkeit &#8211; damit Ihr Image nicht verblasst!<\/p>\n<\/div><\/section><\/div>\n","protected":false},"excerpt":{"rendered":"","protected":false},"author":1,"featured_media":0,"parent":0,"menu_order":0,"comment_status":"closed","ping_status":"closed","template":"","meta":{"footnotes":""},"class_list":["post-3510","page","type-page","status-publish","hentry"],"_links":{"self":[{"href":"https:\/\/radeke-design.de\/index.php?rest_route=\/wp\/v2\/pages\/3510","targetHints":{"allow":["GET"]}}],"collection":[{"href":"https:\/\/radeke-design.de\/index.php?rest_route=\/wp\/v2\/pages"}],"about":[{"href":"https:\/\/radeke-design.de\/index.php?rest_route=\/wp\/v2\/types\/page"}],"author":[{"embeddable":true,"href":"https:\/\/radeke-design.de\/index.php?rest_route=\/wp\/v2\/users\/1"}],"replies":[{"embeddable":true,"href":"https:\/\/radeke-design.de\/index.php?rest_route=%2Fwp%2Fv2%2Fcomments&post=3510"}],"version-history":[{"count":5,"href":"https:\/\/radeke-design.de\/index.php?rest_route=\/wp\/v2\/pages\/3510\/revisions"}],"predecessor-version":[{"id":3620,"href":"https:\/\/radeke-design.de\/index.php?rest_route=\/wp\/v2\/pages\/3510\/revisions\/3620"}],"wp:attachment":[{"href":"https:\/\/radeke-design.de\/index.php?rest_route=%2Fwp%2Fv2%2Fmedia&parent=3510"}],"curies":[{"name":"wp","href":"https:\/\/api.w.org\/{rel}","templated":true}]}}